?
1
What is the ten thousands digit of 36024?
3
What is the units digit of 1060028?
8
What is the tens digit of 5991348?
4
What is the hundreds digit of 18443589?
5
What is the units digit of 1272218?
8
What is the millions digit of 6225695?
6
What is the millions digit of 2847036?
2
What is the hundred thousands digit of 2110675?
1
What is the hundreds digit of 250012?
0
What is the hundred thousands digit of 6724708?
7
What is the thousands digit of 74538?
4
What is the thousands digit of 4245?
4
What is the thousands digit of 267966?
7
What is the units digit of 40499947?
7
What is the units digit of 887528?
8
What is the units digit of 490430?
0
What is the hundred thousands digit of 1495825?
4
What is the hundred thousands digit of 233501?
2
What is the thousands digit of 76580?
6
What is the units digit of 11411749?
9
What is the tens digit of 8163237?
3
What is the units digit of 109934?
4
What is the hundred thousands digit of 197670?
1
What is the tens digit of 219005?
0
What is the thousands digit of 13480843?
0
What is the tens digit of 4306300?
0
What is the tens digit of 420299?
9
What is the hundreds digit of 12840883?
8
What is the ten thousands digit of 3923081?
2
What is the tens digit of 334657?
5
What is the units digit of 328355?
5
What is the units digit of 376883?
3
What is the ten thousands digit of 18627334?
2
What is the ten thousands digit of 4957544?
5
What is the tens digit of 10528?
2
What is the tens digit of 310169?
6
What is the millions digit of 1659673?
1
What is the units digit of 1617627?
7
What is the ten millions digit of 20383346?
2
What is the hundred thousands digit of 2233607?
2
What is the ten thousands digit of 2750829?
5
What is the units digit of 275868?
8
What is the tens digit of 10315149?
4
What is the millions digit of 7158722?
7
What is the hundred thousands digit of 152848?
1
What is the hundred thousands digit of 909316?
9
What is the ten thousands digit of 241030?
4
What is the ten thousands digit of 80375?
8
What is the ten thousands digit of 391486?
9
What is the ten thousands digit of 625363?
2
What is the thousands digit of 11644778?
4
What is the tens digit of 301089?
8
What is the hundreds digit of 152323?
3
What is the tens digit of 3048295?
9
What is the hundreds digit of 6050505?
5
What is the hundreds digit of 4040725?
7
What is the units digit of 1606309?
9
What is the tens digit of 23687656?
5
What is the units digit of 842314?
4
What is the ten thousands digit of 29919?
2
What is the ten thousands digit of 314043?
1
What is the hundreds digit of 4161726?
7
What is the units digit of 10560?
0
What is the ten thousands digit of 2252350?
5
What is the hundreds digit of 25603612?
6
What is the hundreds digit of 1505220?
2
What is the ten millions digit of 14754723?
1
What is the tens digit of 22167363?
6
What is the hundred thousands digit of 232857?
2
What is the tens digit of 2109353?
5
What is the hundreds digit of 1038224?
2
What is the thousands digit of 2574359?
4
What is the tens digit of 3759694?
9
What is the hundreds digit of 249980?
9
What is the ten thousands digit of 6897480?
9
What is the thousands digit of 425731?
5
What is the units digit of 1565641?
1
What is the ten thousands digit of 691016?
9
What is the hundreds digit of 16295878?
8
What is the hundreds digit of 770455?
4
What is the hundreds digit of 6113897?
8
What is the millions digit of 2071545?
2
What is the thousands digit of 2445218?
5
What is the thousands digit of 616659?
6
What is the thousands digit of 1545474?
5
What is the hundred thousands digit of 240153?
2
What is the hundreds digit of 134506?
5
What is the units digit of 1244379?
9
What is the hundreds digit of 289446?
4
What is the ten thousands digit of 56613?
5
What is the tens digit of 177484?
8
What is the ten thousands digit of 3968439?
6
What is the tens digit of 1985596?
9
What is the ten thousands digit of 786578?
8
What is the tens digit of 6347220?
2
What is the ten thousands digit of 19048972?
4
What is the ten thousands digit of 6510585?
1
What is the units digit of 5367494?
4
What is the units digit of 3708097?
7
What is the hundreds digit of 922024?
0
What is the units digit of 1640419?
9
What is the hundreds digit of 9522597?
5
What is the hundreds digit of 334694?
6
What is the tens digit of 4758128?
2
What is the thousands digit of 1486389?
6
What is the millions digit of 4902119?
4
What is the ten thousands digit of 11804?
1
What is the hundreds digit of 14005444?
4
What is the thousands digit of 3665937?
5
What is the thousands digit of 827056?
7
What is the tens digit of 1128337?
3
What is the tens digit of 740192?
9
What is the ten thousands digit of 1134220?
3
What is the ten thousands digit of 496718?
9
What is the ten thousands digit of 6482485?
8
What is the hundreds digit of 275164?
1
What is the millions digit of 5022004?
5
What is the millions digit of 9178713?
9
What is the hundreds digit of 2245846?
8
What is the millions digit of 1160195?
1
What is the ten thousands digit of 1696671?
9
What is the millions digit of 6847712?
6
What is the hundred thousands digit of 13365255?
3
What is the hundreds digit of 19625185?
1
What is the ten thousands digit of 34263?
3
What is the hundreds digit of 2331229?
2
What is the ten thousands digit of 6848395?
4
What is the tens digit of 197557?
5
What is the hundred thousands digit of 140764?
1
What is the ten thousands digit of 4244986?
4
What is the units digit of 17534065?
5
What is the tens digit of 651657?
5
What is the hundreds digit of 151779?
7
What is the millions digit of 2034910?
2
What is the tens digit of 5289711?
1
What is the units digit of 7430?
0
What is the hundred thousands digit of 164819?
1
What is the hundreds digit of 276009?
0
What is the hundreds digit of 1153591?
5
What is the thousands digit of 513248?
3
What is the ten thousands digit of 177869?
7
What is the hundred thousands digit of 213640?
2
What is the ten thousands digit of 552083?
5
What is the hundred thousands digit of 124335?
1
What is the units digit of 17737153?
3
What is the hundreds digit of 261008?
0
What is the tens digit of 856218?
1
What is the thousands digit of 104801?
4
What is the tens digit of 113579?
7
What is the hundred thousands digit of 2852720?
8
What is the tens digit of 2662649?
4
What is the units digit of 2810458?
8
What is the thousands digit of 140293?
0
What is the units digit of 193138?
8
What is the tens digit of 778876?
7
What is the tens digit of 1632179?
7
What is the ten thousands digit of 487462?
8
What is the units digit of 25614?
4
What is the thousands digit of 2599401?
9
What is the millions digit of 13551117?
3
What is the millions digit of 12884180?
2
What is the hundred thousands digit of 27754276?
7
What is the millions digit of 3054108?
3
What is the thousands digit of 13116927?
6
What is the hundreds digit of 1482600?
6
What is the hundreds digit of 130348?
3
What is the ten thousands digit of 1469632?
6
What is the hundred thousands digit of 432313?
4
What is the tens digit of 4593254?
5
What is the hundreds digit of 617564?
5
What is the millions digit of 1734389?
1
What is the hundreds digit of 42828?
8
What is the ten thousands digit of 6587366?
8
What is the hundreds digit of 86748?
7
What is the hundreds digit of 412997?
9
What is the thousands digit of 51973?
1
What is the hundreds digit of 11612617?
6
What is the hundred thousands digit of 403902?
4
What is the millions digit of 9010398?
9
What is the hundreds digit of 7446676?
6
What is the ten thousands digit of 217528?
1
What is the millions digit of 7561421?
7
What is the thousands digit of 255898?
5
What is the thousands digit of 6849422?
9
What is the hundreds digit of 1787877?
8
What is the hundred thousands digit of 1081509?
0
What is the units digit of 3258564?
4
What is the units digit of 490159?
9
What is the millions digit of 6733471?
6
What is the ten thousands digit of 933471?
3
What is the tens digit of 282858?
5
What is the hundreds digit of 1106338?
3
What is the hundred thousands digit of 3121541?
1
What is the hundred thousands digit of 517967?
5
What is the units digit of 18399?
9
What is the units digit of 883198?
8
What is the units digit of 162779?
9
What is the 